{"id":1026,"date":"2017-10-17T16:06:45","date_gmt":"2017-10-17T14:06:45","guid":{"rendered":"http:\/\/www.albergodellapace.it\/?page_id=1026"},"modified":"2018-04-16T11:35:19","modified_gmt":"2018-04-16T09:35:19","slug":"dicono-di-noi","status":"publish","type":"page","link":"https:\/\/www.albergodellapace.it\/en\/storia\/dicono-di-noi\/","title":{"rendered":"(Italiano) Dicono di noi&#8230;"},"content":{"rendered":"<p><a href=\"https:\/\/www.albergodellapace.it\/wp-content\/uploads\/2017\/10\/Italien_Piemont.pdf\" target=\"_blank\" rel=\"noopener noreferrer\"><img loading=\"lazy\" decoding=\"async\" class=\"alignleft wp-image-1170\" src=\"https:\/\/www.albergodellapace.it\/wp-content\/uploads\/2017\/10\/DiconodiNoi1.jpg\" alt=\"\" width=\"170\" height=\"170\" srcset=\"https:\/\/www.albergodellapace.it\/wp-content\/uploads\/2017\/10\/DiconodiNoi1.jpg 600w, https:\/\/www.albergodellapace.it\/wp-content\/uploads\/2017\/10\/DiconodiNoi1-150x150.jpg 150w, https:\/\/www.albergodellapace.it\/wp-content\/uploads\/2017\/10\/DiconodiNoi1-300x300.jpg 300w\" sizes=\"(max-width: 170px) 100vw, 170px\" \/><\/a><a href=\"https:\/\/www.albergodellapace.it\/wp-content\/uploads\/2017\/10\/Italien_Piemont.pdf\">WEGE IN DIE EINSAMKEIT<\/a><br \/>\nIn den T\u00e4lern des s\u00fcdlichen Piemonts scheint die Zeit<br \/>\nstillzustehen. In der Einsamkeit finden Kletterer den vielleicht<br \/>\nsch\u00f6nsten Pass der Alpen \u2013 und im Sommer einen<br \/>\nin Deutschland noch fast unbekannten Radmarathon<\/p>","protected":false},"excerpt":{"rendered":"<p>WEGE IN DIE EINSAMKEIT In den T\u00e4lern des s\u00fcdlichen Piemonts scheint die Zeit stillzustehen. In der Einsamkeit finden Kletterer den vielleicht sch\u00f6nsten Pass der Alpen \u2013 und im Sommer einen in Deutschland noch fast unbekannten Radmarathon<\/p>\n","protected":false},"author":2,"featured_media":0,"parent":20,"menu_order":0,"comment_status":"closed","ping_status":"closed","template":"","meta":{"footnotes":""},"aioseo_notices":[],"_links":{"self":[{"href":"https:\/\/www.albergodellapace.it\/en\/wp-json\/wp\/v2\/pages\/1026"}],"collection":[{"href":"https:\/\/www.albergodellapace.it\/en\/wp-json\/wp\/v2\/pages"}],"about":[{"href":"https:\/\/www.albergodellapace.it\/en\/wp-json\/wp\/v2\/types\/page"}],"author":[{"embeddable":true,"href":"https:\/\/www.albergodellapace.it\/en\/wp-json\/wp\/v2\/users\/2"}],"replies":[{"embeddable":true,"href":"https:\/\/www.albergodellapace.it\/en\/wp-json\/wp\/v2\/comments?post=1026"}],"version-history":[{"count":9,"href":"https:\/\/www.albergodellapace.it\/en\/wp-json\/wp\/v2\/pages\/1026\/revisions"}],"predecessor-version":[{"id":1325,"href":"https:\/\/www.albergodellapace.it\/en\/wp-json\/wp\/v2\/pages\/1026\/revisions\/1325"}],"up":[{"embeddable":true,"href":"https:\/\/www.albergodellapace.it\/en\/wp-json\/wp\/v2\/pages\/20"}],"wp:attachment":[{"href":"https:\/\/www.albergodellapace.it\/en\/wp-json\/wp\/v2\/media?parent=1026"}],"curies":[{"name":"wp","href":"https:\/\/api.w.org\/{rel}","templated":true}]}}

<p><a href="https://www.albergodellapace.it/wp-content/uploads/2017/10/Italien_Piemont.pdf" target="_blank" rel="noopener noreferrer"><img loading="lazy" decoding="async" class="alignleft wp-image-1170" src="https://www.albergodellapace.it/wp-content/uploads/2017/10/DiconodiNoi1.jpg" alt="" width="170" height="170" srcset="https://www.albergodellapace.it/wp-content/uploads/2017/10/DiconodiNoi1.jpg 600w, https://www.albergodellapace.it/wp-content/uploads/2017/10/DiconodiNoi1-150x150.jpg 150w, https://www.albergodellapace.it/wp-content/uploads/2017/10/DiconodiNoi1-300x300.jpg 300w" sizes="(max-width: 170px) 100vw, 170px" /></a><a href="https://www.albergodellapace.it/wp-content/uploads/2017/10/Italien_Piemont.pdf">WEGE IN DIE EINSAMKEIT</a><br />
In den Tälern des südlichen Piemonts scheint die Zeit<br />
stillzustehen. In der Einsamkeit finden Kletterer den vielleicht<br />
schönsten Pass der Alpen – und im Sommer einen<br />
in Deutschland noch fast unbekannten Radmarathon</p>

<p>WEGE IN DIE EINSAMKEIT In den Tälern des südlichen Piemonts scheint die Zeit stillzustehen. In der Einsamkeit finden Kletterer den vielleicht schönsten Pass der Alpen – und im Sommer einen in Deutschland noch fast unbekannten Radmarathon</p>
